{"id":1468,"date":"2026-02-25T11:13:00","date_gmt":"2026-02-25T10:13:00","guid":{"rendered":"https:\/\/lebenshilfe-stormarn.de\/HomepageII\/?post_type=job_listing&#038;p=1468"},"modified":"2026-02-25T11:13:02","modified_gmt":"2026-02-25T10:13:02","slug":"erzieherin-m-w-d-in-teilzeit-35-std-woche-befristet-bis-august-2029-kennzeichen-3000-60-31","status":"publish","type":"job_listing","link":"https:\/\/lebenshilfe-stormarn.de\/HomepageII\/job\/erzieherin-m-w-d-in-teilzeit-35-std-woche-befristet-bis-august-2029-kennzeichen-3000-60-31\/","title":{"rendered":"Erzieher*in (m\/w\/d), in Teilzeit (35 Std.\/Woche), befristet bis August 2029 \u2013\u00a0Kennzeichen 3000\/60-31"},"content":{"rendered":"<p>Ihr Herz schl\u00e4gt f\u00fcr die Arbeit mit Kindern? Sie m\u00f6chten Kindern eine sichere Umgebung und einen strukturierten Alltag erm\u00f6glichen? Sie hegen einen liebevollen Umgang? Dann sind Sie bei uns genau richtig, denn wir suchen ab sofort, derzeitig f\u00fcr den Krippenbereich unserer Kindertagesst\u00e4tte Wurzelkinder in Reinfeld eine*n<\/p>\n<h2>Erzieher*in (m\/w\/d),<br \/>\nin Teilzeit (35 Std.\/Woche), befristet bis August 2029<\/h2>\n<p>Zusammen mit Ihren Gruppenkolleg*innen gestalten Sie ein Umfeld, das die Entwicklung der Kinder f\u00f6rdert und das individuelle Lernen in allen Bereichen erm\u00f6glicht. Sie begleiten und unterst\u00fctzen die Kinder in ihrer Entfaltung. Die Einrichtung liegt in einem verkehrsberuhigten Wohngebiet am Ortsausgang in Waldn\u00e4he und betreut Kinder im Alter von 0-6 Jahren mit und ohne Behinderung.<\/p>\n<p class=\"p1\"><strong>Das bieten wir Ihnen:<\/strong><\/p>\n<ul>\n<li>Verg\u00fctung und Arbeitsbedingungen nach TV-L, zzgl. einer Jahressonderzahlung und eine betriebliche Altersversorgung<\/li>\n<li>Gesundheitsf\u00f6rdernde Ma\u00dfnahmen und familienfreundliche Arbeitszeiten<\/li>\n<li>Qualit\u00e4tsmanagement und Teamentwicklung<\/li>\n<li>L\u00fcckenlose und professionelle Einarbeitung<\/li>\n<li>Feste Gruppenstrukturen bei gleichberechtigtem Einsatz der Fachkr\u00e4fte aus verschiedenen Berufsfeldern<\/li>\n<li>Zusammenarbeit mit Therapeuten im Haus, F\u00f6rderzentren und Hilfsmittelanbietern<\/li>\n<\/ul>\n<p class=\"p1\"><strong>Sie sind bei uns genau richtig, wenn Sie:<\/strong><\/p>\n<ul>\n<li>eine Qualifikation entsprechend der Position nachweisen k\u00f6nnen<\/li>\n<li>eine liebevolle, wertsch\u00e4tzende Person sind , die einen respektvollen Umgang sch\u00e4tzt<\/li>\n<li>einen kooperativen Arbeitsstil pflegen<\/li>\n<li>motiviert sind pers\u00f6nliche und fachliche Kompetenzen weiter zu entwickeln<\/li>\n<li>Interesse haben in einem tollen Umfeld mit fachlich hohem Niveau zu arbeiten<\/li>\n<\/ul>\n<p><strong>Sie haben Interesse?<\/strong><br \/>\n<strong>Dann rufen sie uns gerne an und erfahren alles \u00fcber Ihre <\/strong><strong>M\u00f6glichkeiten bei der Lebenshilfe!<\/strong><\/p>\n<p>Ihre Ansprechpartnerin:<br \/>\nFrau Salomon (Leiterin Kita Wurzelkinder): 04533\/20 70 08 0<\/p>\n<p>Wir freuen uns auf Ihre aussagekr\u00e4ftige Bewerbung, per Email (PDF) an:<br \/>\n<a href=\"mailto:jobs@lebenshilfe-stormarn.de\">jobs@lebenshilfe-stormarn.de<\/a><\/p>\n<p>Oder per Post an:<br \/>\nLebenshilfe Stormarn<br \/>\nz. Hd. Frau Avci (Bereichsleitung Kindertagesst\u00e4tten)<br \/>\nErika-Keck-Str.4<br \/>\n22926 Ahrensburg<\/p>\n","protected":false},"author":1,"featured_media":0,"template":"","meta":{"_promoted":"","_job_location":"Reinfeld","_application":"jobs@lebenshilfe-stormarn.de","_company_name":"Lebenshilfe Stormarn","_company_website":"","_company_tagline":"","_company_twitter":"","_company_video":"","_filled":0,"_featured":0,"_remote_position":0,"_job_salary":"","_job_salary_currency":"","_job_salary_unit":""},"job-types":[21],"class_list":{"0":"post-1468","1":"job_listing","2":"type-job_listing","3":"status-publish","4":"hentry","6":"job-type-kindertagesstaette-wurzelkinder"},"_links":{"self":[{"href":"https:\/\/lebenshilfe-stormarn.de\/HomepageII\/wp-json\/wp\/v2\/job-listings\/1468","targetHints":{"allow":["GET"]}}],"collection":[{"href":"https:\/\/lebenshilfe-stormarn.de\/HomepageII\/wp-json\/wp\/v2\/job-listings"}],"about":[{"href":"https:\/\/lebenshilfe-stormarn.de\/HomepageII\/wp-json\/wp\/v2\/types\/job_listing"}],"author":[{"embeddable":true,"href":"https:\/\/lebenshilfe-stormarn.de\/HomepageII\/wp-json\/wp\/v2\/users\/1"}],"wp:attachment":[{"href":"https:\/\/lebenshilfe-stormarn.de\/HomepageII\/wp-json\/wp\/v2\/media?parent=1468"}],"wp:term":[{"taxonomy":"job_listing_type","embeddable":true,"href":"https:\/\/lebenshilfe-stormarn.de\/HomepageII\/wp-json\/wp\/v2\/job-types?post=1468"}],"curies":[{"name":"wp","href":"https:\/\/api.w.org\/{rel}","templated":true}]}}

<p>Ihr Herz schlägt für die Arbeit mit Kindern? Sie möchten Kindern eine sichere Umgebung und einen strukturierten Alltag ermöglichen? Sie hegen einen liebevollen Umgang? Dann sind Sie bei uns genau richtig, denn wir suchen ab sofort, derzeitig für den Krippenbereich unserer Kindertagesstätte Wurzelkinder in Reinfeld eine*n</p>
<h2>Erzieher*in (m/w/d),<br />
in Teilzeit (35 Std./Woche), befristet bis August 2029</h2>
<p>Zusammen mit Ihren Gruppenkolleg*innen gestalten Sie ein Umfeld, das die Entwicklung der Kinder fördert und das individuelle Lernen in allen Bereichen ermöglicht. Sie begleiten und unterstützen die Kinder in ihrer Entfaltung. Die Einrichtung liegt in einem verkehrsberuhigten Wohngebiet am Ortsausgang in Waldnähe und betreut Kinder im Alter von 0-6 Jahren mit und ohne Behinderung.</p>
<p class="p1"><strong>Das bieten wir Ihnen:</strong></p>
<ul>
<li>Vergütung und Arbeitsbedingungen nach TV-L, zzgl. einer Jahressonderzahlung und eine betriebliche Altersversorgung</li>
<li>Gesundheitsfördernde Maßnahmen und familienfreundliche Arbeitszeiten</li>
<li>Qualitätsmanagement und Teamentwicklung</li>
<li>Lückenlose und professionelle Einarbeitung</li>
<li>Feste Gruppenstrukturen bei gleichberechtigtem Einsatz der Fachkräfte aus verschiedenen Berufsfeldern</li>
<li>Zusammenarbeit mit Therapeuten im Haus, Förderzentren und Hilfsmittelanbietern</li>
</ul>
<p class="p1"><strong>Sie sind bei uns genau richtig, wenn Sie:</strong></p>
<ul>
<li>eine Qualifikation entsprechend der Position nachweisen können</li>
<li>eine liebevolle, wertschätzende Person sind , die einen respektvollen Umgang schätzt</li>
<li>einen kooperativen Arbeitsstil pflegen</li>
<li>motiviert sind persönliche und fachliche Kompetenzen weiter zu entwickeln</li>
<li>Interesse haben in einem tollen Umfeld mit fachlich hohem Niveau zu arbeiten</li>
</ul>
<p><strong>Sie haben Interesse?</strong><br />
<strong>Dann rufen sie uns gerne an und erfahren alles über Ihre </strong><strong>Möglichkeiten bei der Lebenshilfe!</strong></p>
<p>Ihre Ansprechpartnerin:<br />
Frau Salomon (Leiterin Kita Wurzelkinder): 04533/20 70 08 0</p>
<p>Wir freuen uns auf Ihre aussagekräftige Bewerbung, per Email (PDF) an:<br />
<a href="mailto:jobs@lebenshilfe-stormarn.de">jobs@lebenshilfe-stormarn.de</a></p>
<p>Oder per Post an:<br />
Lebenshilfe Stormarn<br />
z. Hd. Frau Avci (Bereichsleitung Kindertagesstätten)<br />
Erika-Keck-Str.4<br />
22926 Ahrensburg</p>
