{"id":451,"date":"2024-11-18T12:37:42","date_gmt":"2024-11-18T11:37:42","guid":{"rendered":"https:\/\/lebenshilfe-stormarn.de\/HomepageII\/?page_id=451"},"modified":"2025-02-10T13:53:26","modified_gmt":"2025-02-10T12:53:26","slug":"ferien-und-wochenendreisen","status":"publish","type":"page","link":"https:\/\/lebenshilfe-stormarn.de\/HomepageII\/ambulanter-dienst\/ferien-und-wochenendreisen\/","title":{"rendered":"Ferien- und Wochenendreisen"},"content":{"rendered":"<div class=\"fusion-fullwidth fullwidth-box fusion-builder-row-1 fusion-flex-container has-pattern-background has-mask-background nonhundred-percent-fullwidth non-hundred-percent-height-scrolling\" style=\"--awb-border-radius-top-left:0px;--awb-border-radius-top-right:0px;--awb-border-radius-bottom-right:0px;--awb-border-radius-bottom-left:0px;--awb-flex-wrap:wrap;\" ><div class=\"fusion-builder-row fusion-row fusion-flex-align-items-flex-start fusion-flex-content-wrap\" style=\"max-width:1248px;margin-left: calc(-4% \/ 2 );margin-right: calc(-4% \/ 2 );\"><div class=\"fusion-layout-column fusion_builder_column fusion-builder-column-0 fusion_builder_column_1_1 1_1 fusion-flex-column\" style=\"--awb-bg-size:cover;--awb-width-large:100%;--awb-margin-top-large:0px;--awb-spacing-right-large:1.92%;--awb-margin-bottom-large:20px;--awb-spacing-left-large:1.92%;--awb-width-medium:100%;--awb-order-medium:0;--awb-spacing-right-medium:1.92%;--awb-spacing-left-medium:1.92%;--awb-width-small:100%;--awb-order-small:0;--awb-spacing-right-small:1.92%;--awb-spacing-left-small:1.92%;\"><div class=\"fusion-column-wrapper fusion-column-has-shadow fusion-flex-justify-content-flex-start fusion-content-layout-column\"><div class=\"fusion-reading-box-container reading-box-container-1\" style=\"--awb-title-color:var(--awb-color8);--awb-margin-top:0px;--awb-margin-bottom:20px;\"><div class=\"reading-box\" style=\"background-color:var(--awb-color2);border-width:1px;border-color:rgba(226,226,226,0);border-left-width:3px;border-left-color:var(--primary_color);border-style:solid;\"><h2>Ihre Ansprechpartnerinnen:<\/h2><div class=\"reading-box-additional fusion-reading-box-additional\">\n<p>Jessica Lorenz<br \/>\nHelen Keese<\/p>\n<p>Tel. 04102 89 75 53\/70<\/p>\n<p><a href=\"mailto:fed@lebenshilfe-stormarn.de\">fed@lebenshilfe-stormarn.de<\/a><\/p>\n<\/div><div class=\"fusion-clearfix\"><\/div><\/div><\/div><div class=\"fusion-text fusion-text-1\"><p>Wochenenden und insbesondere die Ferienzeiten sind f\u00fcr Familien, aber auch f\u00fcr die Menschen mit Behinderungen selbst, oft problematisch. Die Strukturierung des Tages und die Entlastung durch KiTa, Schule oder WfbM entfallen. Wenn keine eigenst\u00e4ndige Besch\u00e4ftigung des Menschen mit Behinderung m\u00f6glich ist und Anleitung, Hilfestellung und Beaufsichtigung von den Eltern nicht st\u00e4ndig geleistet werden k\u00f6nnen, treten Schwierigkeiten unterschiedlichster Art, wie z. B. Verhaltensprobleme, Lethargie, Esssucht auf. Dies stellt eine zus\u00e4tzliche Belastung und Herausforderung f\u00fcr die Angeh\u00f6rigen dar.<\/p>\n<p>Menschen mit Behinderungen ist es i. d. R. nicht m\u00f6glich, an allgemeinen Urlaubsangeboten teilzunehmen und ihrem Bed\u00fcrfnis nach einer interessanten Ferien-\/ Urlaubsgestaltung nachzugehen, Neues kennenzulernen, vielf\u00e4ltige Eindr\u00fccke zu sammeln, sich zu entspannen und eine Auszeit von Familie und Alltag zu nehmen.<\/p>\n<p>Durch Kurzzeitbetreuungen im Umfang von ein bis drei Wochen in kleinen Gruppen an anderen Orten (z. B. in Ferienh\u00e4usern) kann den Menschen mit Behinderungen und ihren Familien eine positive Alternative geboten werden. Im Vordergrund steht die Entlastung der Familien. Die Kurzzeitbetreuungen schaffen \u201eFreir\u00e4ume\u201c zur Erholung f\u00fcr Eltern und Kinder und erm\u00f6glichen den pflegenden und betreuenden Angeh\u00f6rigen die Teilnahme am gesellschaftlichen, kulturellen und politischen Leben. Sie sollen die Pflege- und Betreuungsf\u00e4higkeit der Familien erhalten und gleichzeitig Menschen mit Behinderungen mehr Autonomie und Selbstst\u00e4ndigkeit au\u00dferhalb des Elternhauses erm\u00f6glichen.<\/p>\n<h2 class=\"wp-block-heading fusion-responsive-typography-calculated\" data-fontsize=\"21\" data-lineheight=\"31.5px\">Personenkreis<\/h2>\n<p>Die Kurzzeitma\u00dfnahmen richten sich an Familien, die eine mehrt\u00e4gige Entlastung von der allt\u00e4glichen Betreuung und Pflege ihres behinderten Angeh\u00f6rigen ben\u00f6tigen,<br \/>\nund an Menschen mit Behinderungen, die ein mehrt\u00e4giges Ferien-\/Urlaubsangebot nutzen m\u00f6chten, das an ihren Bed\u00fcrfnissen ausgerichtet ist, und bei dem ihre behinderungsbedingten Besonderheiten und Schwierigkeiten ber\u00fccksichtigt werden.<\/p>\n<p>An den Ma\u00dfnahmen k\u00f6nnen Kinder, Jugendliche und erwachsene Menschen teilnehmen, die im Sinne des \u00a7 53 SGB XII eine Behinderung haben oder von Behinderung bedroht sind, und die nicht in einer station\u00e4ren Einrichtung wohnen. Es ist uns sehr wichtig, dass auch Menschen mit schwersten Behinderungen und\/oder hohem Betreuungs- und Beaufsichtigungsbedarf teilnehmen k\u00f6nnen. Die Betreuerteams werden jeweils entsprechend der Bed\u00fcrfnisse und Anforderungen der Reiseteilnehmer zusammengestellt und bestehen aus p\u00e4dagogischen und\/ oder pflegerischen Fachkr\u00e4ften, Hilfskr\u00e4ften, Zivis und Mitarbeiterinnen im Freiwilligen oder Berufsvorbereitenden Sozialen Jahr.<\/p>\n<h2 class=\"wp-block-heading fusion-responsive-typography-calculated\" data-fontsize=\"21\" data-lineheight=\"31.5px\">Inhalte<\/h2>\n<ul class=\"wp-block-list\">\n<li>Ein- bis zweiw\u00f6chige Gruppenreisen in den schlewig-holsteiner Ferienzeiten<\/li>\n<li>Mehrt\u00e4gige Betreuung einzelner Personen in der Wohnung der Familie<\/li>\n<li>Gruppenreisen an 4 \u2013 6 Wochenenden im Jahr<\/li>\n<li>Reiseziele sind Orte an Nord- und Ostsee, an der Schlei, in der Heide, aber auch St\u00e4dtereisen z.B. nach Berlin und Bremen, sowie Themen-Reisen, z.B. Ponyfreizeit, erlebnisp\u00e4dagogische Reise, Musikfreizeit u.a.<\/li>\n<\/ul>\n<\/div><\/div><\/div><\/div><\/div>\n","protected":false},"excerpt":{"rendered":"","protected":false},"author":1,"featured_media":0,"parent":437,"menu_order":0,"comment_status":"closed","ping_status":"closed","template":"100-width.php","meta":{"footnotes":""},"class_list":["post-451","page","type-page","status-publish","hentry"],"_links":{"self":[{"href":"https:\/\/lebenshilfe-stormarn.de\/HomepageII\/wp-json\/wp\/v2\/pages\/451","targetHints":{"allow":["GET"]}}],"collection":[{"href":"https:\/\/lebenshilfe-stormarn.de\/HomepageII\/wp-json\/wp\/v2\/pages"}],"about":[{"href":"https:\/\/lebenshilfe-stormarn.de\/HomepageII\/wp-json\/wp\/v2\/types\/page"}],"author":[{"embeddable":true,"href":"https:\/\/lebenshilfe-stormarn.de\/HomepageII\/wp-json\/wp\/v2\/users\/1"}],"replies":[{"embeddable":true,"href":"https:\/\/lebenshilfe-stormarn.de\/HomepageII\/wp-json\/wp\/v2\/comments?post=451"}],"version-history":[{"count":5,"href":"https:\/\/lebenshilfe-stormarn.de\/HomepageII\/wp-json\/wp\/v2\/pages\/451\/revisions"}],"predecessor-version":[{"id":829,"href":"https:\/\/lebenshilfe-stormarn.de\/HomepageII\/wp-json\/wp\/v2\/pages\/451\/revisions\/829"}],"up":[{"embeddable":true,"href":"https:\/\/lebenshilfe-stormarn.de\/HomepageII\/wp-json\/wp\/v2\/pages\/437"}],"wp:attachment":[{"href":"https:\/\/lebenshilfe-stormarn.de\/HomepageII\/wp-json\/wp\/v2\/media?parent=451"}],"curies":[{"name":"wp","href":"https:\/\/api.w.org\/{rel}","templated":true}]}}