{"id":453,"date":"2024-11-18T12:37:59","date_gmt":"2024-11-18T11:37:59","guid":{"rendered":"https:\/\/lebenshilfe-stormarn.de\/HomepageII\/?page_id=453"},"modified":"2025-02-10T13:54:11","modified_gmt":"2025-02-10T12:54:11","slug":"pflegedienst","status":"publish","type":"page","link":"https:\/\/lebenshilfe-stormarn.de\/HomepageII\/ambulanter-dienst\/pflegedienst\/","title":{"rendered":"Pflegedienst"},"content":{"rendered":"<div class=\"fusion-fullwidth fullwidth-box fusion-builder-row-1 fusion-flex-container has-pattern-background has-mask-background nonhundred-percent-fullwidth non-hundred-percent-height-scrolling\" style=\"--awb-border-radius-top-left:0px;--awb-border-radius-top-right:0px;--awb-border-radius-bottom-right:0px;--awb-border-radius-bottom-left:0px;--awb-flex-wrap:wrap;\" ><div class=\"fusion-builder-row fusion-row fusion-flex-align-items-flex-start fusion-flex-content-wrap\" style=\"max-width:1248px;margin-left: calc(-4% \/ 2 );margin-right: calc(-4% \/ 2 );\"><div class=\"fusion-layout-column fusion_builder_column fusion-builder-column-0 fusion_builder_column_1_1 1_1 fusion-flex-column\" style=\"--awb-bg-size:cover;--awb-width-large:100%;--awb-margin-top-large:0px;--awb-spacing-right-large:1.92%;--awb-margin-bottom-large:20px;--awb-spacing-left-large:1.92%;--awb-width-medium:100%;--awb-order-medium:0;--awb-spacing-right-medium:1.92%;--awb-spacing-left-medium:1.92%;--awb-width-small:100%;--awb-order-small:0;--awb-spacing-right-small:1.92%;--awb-spacing-left-small:1.92%;\"><div class=\"fusion-column-wrapper fusion-column-has-shadow fusion-flex-justify-content-flex-start fusion-content-layout-column\"><div class=\"fusion-reading-box-container reading-box-container-1\" style=\"--awb-title-color:var(--awb-color8);--awb-margin-top:0px;--awb-margin-bottom:20px;\"><div class=\"reading-box\" style=\"background-color:var(--awb-color2);border-width:1px;border-color:rgba(226,226,226,0);border-left-width:3px;border-left-color:var(--primary_color);border-style:solid;\"><h2>Ihre Ansprechpartnerin:<\/h2><div class=\"reading-box-additional fusion-reading-box-additional\">\n<p>Helen Keese<\/p>\n<p>Tel. 04102 89 75 70<\/p>\n<p><a href=\"mailto:fed@lebenshilfe-stormarn.de\">fed@lebenshilfe-stormarn.de<\/a><\/p>\n<\/div><div class=\"fusion-clearfix\"><\/div><\/div><\/div><div class=\"fusion-text fusion-text-1\"><p>Unser Pflegedienst richtet sich haupts\u00e4chlich an Familien mit Kindern, Jugendlichen und Erwachsenen mit geistiger und\/ oder k\u00f6rperlicher Behinderung.<\/p>\n<h2 class=\"wp-block-heading fusion-responsive-typography-calculated\" data-fontsize=\"21\" data-lineheight=\"31.5px\">Leistungen<\/h2>\n<p>Pflegerische Hilfen in den Bereichen K\u00f6rperpflege, Ern\u00e4hrung, Mobilit\u00e4t und hauswirtschaftliche Versorgung (\u00a7 36 SGB XI (Sachleistung), \u00a7 38 SGB XI (Kombinationsleistung)<\/p>\n<p>H\u00e4usliche (Kinder)Krankenpflege<\/p>\n<p>Behandlungspflege (\u00a7 37 SGB V)<\/p>\n<p>Pflegeeins\u00e4tze bei Pflegegeldempf\u00e4ngern im Rahmen des Pflegeversicherungsgesetzes (\u00a7 37.3 SGB XI):<br \/>\nDiese Pflegeeins\u00e4tze sind bei Pflegestufe I und II einmal halbj\u00e4hrlich und bei Pflegestufe III einmal viertelj\u00e4hrlich vom Gesetzgeber vorgeschrieben. Sie finden bei den Familien zu Hause statt. Dabei wird \u00fcber die aktuelle Pflege- und Betreuungssituation gesprochen, die Eltern k\u00f6nnen Fragen stellen und Probleme ansprechen, und es wird \u00fcber weitere Betreuungs- und Hilfsangebote informiert.<\/p>\n<p>Beratung, Hausbesuche:<br \/>\nUnabh\u00e4ngig von den Pflegevisiten ber\u00e4t unser Pflegedienst aber auch jederzeit allgemein in allen Fragen rund um die Pflege, um Hilfsmittelversorgung, Wohnraumanpassung usw. und informiert Familien, welche Leistungen sie erg\u00e4nzend beantragen k\u00f6nnen (z.B. Verhinderungspflege, die man stunden- oder auch tageweise nutzen kann (z.B. f\u00fcr die Reisen) oder Erg\u00e4nzungsleistung\/ zus\u00e4tzliche Betreuungsleistung, wenn die Eltern mal ein paar Stunden Entlastung ben\u00f6tigen).<br \/>\nBei den Beratungsbesuchen wird auch dar\u00fcber informiert, welche Pflegeleistungen man f\u00fcr das laufende Pflegegeld erhalten kann. Wir helfen auch bei der Antragstellung.<br \/>\nDie Beratungsbesuche k\u00f6nnen bei den Familien zu Hause stattfinden, damit f\u00fcr sie kein Aufwand durch die Anreise zu uns entsteht.<\/p>\n<p>Familien, die erstmals eine Pflegestufe f\u00fcr ihr Kind beantragen m\u00f6chten und dabei Unterst\u00fctzung w\u00fcnschen, begleiten wir sowohl im Vorfeld \u2013 also zur Vorbereitung der Begutachtung durch den MdK \u2013 , als auch dadurch, dass wir auf Wunsch bei dem Begutachtungstermin dabei sind.<\/p>\n<p>Haushaltshilfe:<br \/>\nHaushaltshilfen \u00fcbernehmen wir z.B., wenn ein Elternteil erkrankt oder auf Kur ist, das andere Elternteil arbeiten muss und Kinder und Haushalt somit nicht versorgt werden k\u00f6nnen.<br \/>\nVoraussetzung ist, dass im Haushalt ein Kind lebt, das das 12. Lebensjahr noch nicht beendet hat oder das eine Behinderung hat und auf Hilfe angewiesen ist.<br \/>\nAuch Familien, in denen die haushaltsf\u00fchrende Person ihr erkranktes Kind w\u00e4hrend seines Krankenhausaufenthaltes begleitet und mit in das Krankenhaus aufgenommen wird, k\u00f6nnen Haushaltshilfe in Anspruch nehmen.<\/p>\n<p>Zus\u00e4tzliche Betreuungsleistungen nach \u00a7 45 b SGB XI: dies beinhaltet die stundenweise Betreuung des Angeh\u00f6rigen mit Behinderung<\/p>\n<\/div><\/div><\/div><\/div><\/div>\n","protected":false},"excerpt":{"rendered":"","protected":false},"author":1,"featured_media":0,"parent":437,"menu_order":0,"comment_status":"closed","ping_status":"closed","template":"100-width.php","meta":{"footnotes":""},"class_list":["post-453","page","type-page","status-publish","hentry"],"_links":{"self":[{"href":"https:\/\/lebenshilfe-stormarn.de\/HomepageII\/wp-json\/wp\/v2\/pages\/453","targetHints":{"allow":["GET"]}}],"collection":[{"href":"https:\/\/lebenshilfe-stormarn.de\/HomepageII\/wp-json\/wp\/v2\/pages"}],"about":[{"href":"https:\/\/lebenshilfe-stormarn.de\/HomepageII\/wp-json\/wp\/v2\/types\/page"}],"author":[{"embeddable":true,"href":"https:\/\/lebenshilfe-stormarn.de\/HomepageII\/wp-json\/wp\/v2\/users\/1"}],"replies":[{"embeddable":true,"href":"https:\/\/lebenshilfe-stormarn.de\/HomepageII\/wp-json\/wp\/v2\/comments?post=453"}],"version-history":[{"count":5,"href":"https:\/\/lebenshilfe-stormarn.de\/HomepageII\/wp-json\/wp\/v2\/pages\/453\/revisions"}],"predecessor-version":[{"id":830,"href":"https:\/\/lebenshilfe-stormarn.de\/HomepageII\/wp-json\/wp\/v2\/pages\/453\/revisions\/830"}],"up":[{"embeddable":true,"href":"https:\/\/lebenshilfe-stormarn.de\/HomepageII\/wp-json\/wp\/v2\/pages\/437"}],"wp:attachment":[{"href":"https:\/\/lebenshilfe-stormarn.de\/HomepageII\/wp-json\/wp\/v2\/media?parent=453"}],"curies":[{"name":"wp","href":"https:\/\/api.w.org\/{rel}","templated":true}]}}