{"id":471,"date":"2024-11-18T12:44:11","date_gmt":"2024-11-18T11:44:11","guid":{"rendered":"https:\/\/lebenshilfe-stormarn.de\/HomepageII\/?page_id=471"},"modified":"2025-02-10T13:57:26","modified_gmt":"2025-02-10T12:57:26","slug":"fussball","status":"publish","type":"page","link":"https:\/\/lebenshilfe-stormarn.de\/HomepageII\/freizeit\/fussball\/","title":{"rendered":"Fu\u00dfball"},"content":{"rendered":"<div class=\"fusion-fullwidth fullwidth-box fusion-builder-row-1 fusion-flex-container has-pattern-background has-mask-background nonhundred-percent-fullwidth non-hundred-percent-height-scrolling\" style=\"--awb-border-radius-top-left:0px;--awb-border-radius-top-right:0px;--awb-border-radius-bottom-right:0px;--awb-border-radius-bottom-left:0px;--awb-flex-wrap:wrap;\" ><div class=\"fusion-builder-row fusion-row fusion-flex-align-items-flex-start fusion-flex-content-wrap\" style=\"max-width:1248px;margin-left: calc(-4% \/ 2 );margin-right: calc(-4% \/ 2 );\"><div class=\"fusion-layout-column fusion_builder_column fusion-builder-column-0 fusion_builder_column_1_1 1_1 fusion-flex-column\" style=\"--awb-bg-size:cover;--awb-width-large:100%;--awb-margin-top-large:0px;--awb-spacing-right-large:1.92%;--awb-margin-bottom-large:20px;--awb-spacing-left-large:1.92%;--awb-width-medium:100%;--awb-order-medium:0;--awb-spacing-right-medium:1.92%;--awb-spacing-left-medium:1.92%;--awb-width-small:100%;--awb-order-small:0;--awb-spacing-right-small:1.92%;--awb-spacing-left-small:1.92%;\"><div class=\"fusion-column-wrapper fusion-column-has-shadow fusion-flex-justify-content-flex-start fusion-content-layout-column\"><div class=\"fusion-reading-box-container reading-box-container-1\" style=\"--awb-title-color:var(--awb-color8);--awb-margin-top:0px;--awb-margin-bottom:20px;\"><div class=\"reading-box\" style=\"background-color:var(--awb-color2);border-width:1px;border-color:rgba(226,226,226,0);border-left-width:3px;border-left-color:var(--primary_color);border-style:solid;\"><h2>Ihr Ansprechpartner:<\/h2><div class=\"reading-box-additional fusion-reading-box-additional\">\n<p>Alexander Zonker<\/p>\n<p>Tel. 04102 89 75 52<\/p>\n<p><a href=\"mailto:fed@lebenshilfe-stormarn.de\">fed@lebenshilfe-stormarn.de<\/a><\/p>\n<\/div><div class=\"fusion-clearfix\"><\/div><\/div><\/div><div class=\"fusion-text fusion-text-1\"><h2 class=\"wp-block-heading fusion-responsive-typography-calculated\" data-fontsize=\"21\" data-lineheight=\"31.5px\">Eine starke Truppe<\/h2>\n<p>Fu\u00dfball f\u00fcr Kinder, Jugendliche und Erwachsene mit Handicap<\/p>\n<p>Im Sommer 2008 gr\u00fcndeten die Lebenshilfe Stormarn und der SV Eichede in Kooperation ein Fu\u00dfball\u00adprojekt. Kinder, Jugendliche und junge Erwachsene mit Handicap sollten die M\u00f6glichkeit bekommen, ihre Leidenschaft f\u00fcr den Fu\u00dfballsport auszuleben.<\/p>\n<p>Die Handicap-Mannschaft startete zun\u00e4chst mit 13 Teilnehmern. Inzwischen ist die Zahl auf \u00fcber 40 gestiegen. Es nehmen Kinder, Jugend\u00adlichen und Erwachsenen aus dem ganzen Kreis Stormarn am Training teil. Die Spielerinnen und Spieler sind jedes Mal mit Feuereifer bei der Sache und haben riesigen Spa\u00df. Die Mannschaft trainiert ein Mal w\u00f6chentlich und ist innerhalb des Vereins als Team voll integriert.<br \/>\nSie bestreitet au\u00dferdem regelm\u00e4\u00dfig Freundschaftspiele und Turniere mit anderen Handicap-Teams, z.B. vom HSV, SV Werder Bremen und Kicker Flensburg, zu denen inzwischen auch Freund\u00adschaf\u00adten entstanden sind.<\/p>\n<h2 class=\"wp-block-heading fusion-responsive-typography-calculated\" data-fontsize=\"21\" data-lineheight=\"31.5px\">Rund ums Training:<\/h2>\n<p>Das Training findet freitags von 17:00 \u2013 18:00 Uhr auf dem Sportplatz in Eichede statt.<\/p>\n<p>Es wird \u00e4u\u00dferst engagiert und kompetent von Lars Konietzko und seinem Trainerteam vom SV Eichede durchgef\u00fchrt.<\/p>\n<p>Das Trainingsangebot gilt f\u00fcr Kinder ab 10 Jahren, Jugendliche und junge Erwachsene.<\/p>\n<p>Trainingsmaterialien stellt der SV Eichede.<\/p>\n<p>Die Lebenshilfe \u00fcbernimmt den Hin- und R\u00fccktransport der Teilnehmer, die nicht selbstst\u00e4ndig nach Eichede gelangen k\u00f6nnen. Es gibt zurzeit vier Touren, sodass Teilnehmer aus allen Regionen des Kreises das Angebot nutzen k\u00f6nnen.<br \/>\nDie Busse werden von Mitarbeiter\/innen des Ambulanten Dienstes gefahren, die bei Bedarf auch das Training begleiten. Auch engagierte Eltern \u00fcbernehmen Fahrtouren zum Training und zu den Turnieren.<\/p>\n<h2 class=\"wp-block-heading fusion-responsive-typography-calculated\" data-fontsize=\"21\" data-lineheight=\"31.5px\">Versicherung:<\/h2>\n<p>Die Teilnehmer werden Mitglied im SV Eichede (beitragsfrei) und sind \u00fcber den Sportverein versichert.<\/p>\n<h2 class=\"wp-block-heading fusion-responsive-typography-calculated\" data-fontsize=\"21\" data-lineheight=\"31.5px\">Kosten:<\/h2>\n<p>F\u00fcr die Betreuung erhebt die Lebenshilfe einen j\u00e4hrlichen, anteiligen Kostenbeitrag von\u00a0100,\u2013 \u20ac pro Person.<\/p>\n<h2 class=\"wp-block-heading fusion-responsive-typography-calculated\" data-fontsize=\"21\" data-lineheight=\"31.5px\">Schriftliche Vereinbarung:<\/h2>\n<p>Vor der ersten Teilnahme gehen die Teilnehmer bzw. deren Erziehungsberechtigte eine Verein\u00adbarung mit der Lebenshilfe ein, in der die Teilnahmebedingungen schriftlich festgehalten sind. Ebenso ist die Eintrittserkl\u00e4rung f\u00fcr den SV Eichede zu unterschreiben.<\/p>\n<p><a href=\"https:\/\/lebenshilfe-stormarn.de\/HomepageII\/wp-content\/uploads\/2024\/12\/lebenshilfe-stormarn-fussball.pdf\">Flyer<\/a><\/p>\n<p>Gef\u00f6rdert von der Kroschke Stiftung f\u00fcr Kinder\u00a0und dem\u00a0Lions Club Bargteheide<\/p>\n<\/div><\/div><\/div><\/div><\/div>\n","protected":false},"excerpt":{"rendered":"","protected":false},"author":1,"featured_media":0,"parent":467,"menu_order":0,"comment_status":"closed","ping_status":"closed","template":"100-width.php","meta":{"footnotes":""},"class_list":["post-471","page","type-page","status-publish","hentry"],"_links":{"self":[{"href":"https:\/\/lebenshilfe-stormarn.de\/HomepageII\/wp-json\/wp\/v2\/pages\/471","targetHints":{"allow":["GET"]}}],"collection":[{"href":"https:\/\/lebenshilfe-stormarn.de\/HomepageII\/wp-json\/wp\/v2\/pages"}],"about":[{"href":"https:\/\/lebenshilfe-stormarn.de\/HomepageII\/wp-json\/wp\/v2\/types\/page"}],"author":[{"embeddable":true,"href":"https:\/\/lebenshilfe-stormarn.de\/HomepageII\/wp-json\/wp\/v2\/users\/1"}],"replies":[{"embeddable":true,"href":"https:\/\/lebenshilfe-stormarn.de\/HomepageII\/wp-json\/wp\/v2\/comments?post=471"}],"version-history":[{"count":6,"href":"https:\/\/lebenshilfe-stormarn.de\/HomepageII\/wp-json\/wp\/v2\/pages\/471\/revisions"}],"predecessor-version":[{"id":833,"href":"https:\/\/lebenshilfe-stormarn.de\/HomepageII\/wp-json\/wp\/v2\/pages\/471\/revisions\/833"}],"up":[{"embeddable":true,"href":"https:\/\/lebenshilfe-stormarn.de\/HomepageII\/wp-json\/wp\/v2\/pages\/467"}],"wp:attachment":[{"href":"https:\/\/lebenshilfe-stormarn.de\/HomepageII\/wp-json\/wp\/v2\/media?parent=471"}],"curies":[{"name":"wp","href":"https:\/\/api.w.org\/{rel}","templated":true}]}}