{"id":559,"date":"2024-11-30T16:29:57","date_gmt":"2024-11-30T15:29:57","guid":{"rendered":"https:\/\/lebenshilfe-stormarn.de\/HomepageII\/?page_id=559"},"modified":"2025-08-25T17:42:03","modified_gmt":"2025-08-25T15:42:03","slug":"impressum","status":"publish","type":"page","link":"https:\/\/lebenshilfe-stormarn.de\/HomepageII\/impressum\/","title":{"rendered":"Impressum"},"content":{"rendered":"<div class=\"fusion-fullwidth fullwidth-box fusion-builder-row-1 fusion-flex-container has-pattern-background has-mask-background nonhundred-percent-fullwidth non-hundred-percent-height-scrolling\" style=\"--awb-border-radius-top-left:0px;--awb-border-radius-top-right:0px;--awb-border-radius-bottom-right:0px;--awb-border-radius-bottom-left:0px;--awb-flex-wrap:wrap;\" ><div class=\"fusion-builder-row fusion-row fusion-flex-align-items-flex-start fusion-flex-content-wrap\" style=\"max-width:1248px;margin-left: calc(-4% \/ 2 );margin-right: calc(-4% \/ 2 );\"><div class=\"fusion-layout-column fusion_builder_column fusion-builder-column-0 fusion_builder_column_1_1 1_1 fusion-flex-column\" style=\"--awb-bg-size:cover;--awb-width-large:100%;--awb-margin-top-large:0px;--awb-spacing-right-large:1.92%;--awb-margin-bottom-large:20px;--awb-spacing-left-large:1.92%;--awb-width-medium:100%;--awb-order-medium:0;--awb-spacing-right-medium:1.92%;--awb-spacing-left-medium:1.92%;--awb-width-small:100%;--awb-order-small:0;--awb-spacing-right-small:1.92%;--awb-spacing-left-small:1.92%;\"><div class=\"fusion-column-wrapper fusion-column-has-shadow fusion-flex-justify-content-flex-start fusion-content-layout-column\"><div class=\"fusion-text fusion-text-1\"><h2 class=\"wp-block-heading fusion-responsive-typography-calculated\" data-fontsize=\"21\" data-lineheight=\"31.5px\">1. Herausgeber<\/h2>\n<p>Lebenshilfe Stormarn e.V.<br \/>\nErika-Keck-Stra\u00dfe 4<br \/>\n22926 Ahrensburg<\/p>\n<p>Tel.: 04102 88 58 0<br \/>\nFax: 04102 88 58 11<br \/>\nE-Mail:\u00a0<a href=\"mailto:kontakt@lebenshilfe-stormarn.de\">kontakt@lebenshilfe-stormarn.de<\/a><br \/>\nInternet: <a href=\"https:\/\/lebenshilfe-stormarn.de\/\">lebenshilfe-stormarn.de<\/a><\/p>\n<p>Amtsgericht L\u00fcbeck<br \/>\nV.-Reg.-Nr. 2254 AH<br \/>\nVorsitzender: Thorsten Quast<br \/>\nGesch\u00e4ftsf\u00fchrung:<br \/>\nFanny Meyer-Ramien<br \/>\nCarsten Bruns<\/p>\n<p>Lebenshilfewerk Stormarn gGmbH<br \/>\nErika-Keck-Stra\u00dfe 4<br \/>\n22926 Ahrensburg<\/p>\n<p>Tel.: 04102 88 58 0<br \/>\nFax: 04102 88 58 11<br \/>\nE-Mail:\u00a0<a href=\"mailto:kontakt@lebenshilfe-stormarn.de\">kontakt@lebenshilfe-stormarn.de<\/a><br \/>\nInternet: <a href=\"https:\/\/lebenshilfe-stormarn.de\/\">lebenshilfe-stormarn.de<\/a><\/p>\n<p>Amtsgericht L\u00fcbeck<br \/>\nV.-Reg.-Nr. 3635 AH<br \/>\nGesch\u00e4ftsf\u00fchrung:<br \/>\nFanny Meyer-Ramien<br \/>\nCarsten Bruns<\/p>\n<p>Lebenshilfe Service gGmbH<br \/>\nErika-Keck-Stra\u00dfe 4<br \/>\n22926 Ahrensburg<\/p>\n<p>Tel.: 04102 88 58 0<br \/>\nFax: 04102 88 58 11<br \/>\nE-Mail:\u00a0<a href=\"mailto:kontakt@lebenshilfe-stormarn.de\">kontakt@lebenshilfe-stormarn.de<\/a><br \/>\nInternet: <a href=\"https:\/\/lebenshilfe-stormarn.de\/\">lebenshilfe-stormarn.de<\/a><\/p>\n<p>Amtsgericht L\u00fcbeck<br \/>\nV.-Reg.-Nr. 90 HRB 4374 AH<br \/>\nGesch\u00e4ftsf\u00fchrung:<br \/>\nFanny Meyer-Ramien<br \/>\nCarsten Bruns<\/p>\n<h2 class=\"wp-block-heading fusion-responsive-typography-calculated\" data-fontsize=\"21\" data-lineheight=\"31.5px\">2. Haftung f\u00fcr Inhalte<\/h2>\n<p>Als Diensteanbieter sind wir f\u00fcr eigene Inhalte auf den Seiten nach den allgemeinen Gesetzen verantwortlich. Als Diensteanbieter sind wir jedoch nicht verpflichtet, \u00fcbermittelte oder gespeicherte fremde Informationen zu \u00fcberwachen oder nach Umst\u00e4nden zu forschen, die auf eine rechtswidrige T\u00e4tigkeit hinweisen. Verpflichtungen zur Entfernung oder Sperrung der Nutzung von Informationen nach den allgemeinen Gesetzen bleiben hiervon unber\u00fchrt.<br \/>\nEine diesbez\u00fcgliche Haftung ist jedoch erst ab einem Zeitpunkt der Kenntnis einer konkreten Rechtsverletzung m\u00f6glich.<br \/>\nBei Bekanntwerden von entsprechenden Rechtsverletzungen werden wir diese Inhalte umgehend entfernen.<\/p>\n<h2 class=\"wp-block-heading fusion-responsive-typography-calculated\" data-fontsize=\"21\" data-lineheight=\"31.5px\">3. Haftung f\u00fcr Links<\/h2>\n<p>Die Webseite enth\u00e4lt sog. \u201eexterne Links\u201c (Verlinkungen) zu anderen Webseiten, auf deren Inhalt der Anbieter der Webseite keinen Einfluss hat. Aus diesem Grund kann der Anbieter f\u00fcr diese Inhalte auch keine Gew\u00e4hr \u00fcbernehmen.<br \/>\nF\u00fcr die Inhalte und Richtigkeit der bereitgestellten Informationen ist der jeweilige Anbieter der verlinkten Webseite verantwortlich. Zum Zeitpunkt der Verlinkung waren keine Rechtsverst\u00f6\u00dfe erkennbar. Bei Bekanntwerden einer solchen Rechtsverletzung werden wir den Link umgehend entfernen.<\/p>\n<h2 class=\"wp-block-heading fusion-responsive-typography-calculated\" data-fontsize=\"21\" data-lineheight=\"31.5px\">4. Aufforderung zur Mitteilung von Urheberrechtsverletzungen<\/h2>\n<p>Die Inhalte dieser Internetseite werden mit gr\u00f6\u00dftm\u00f6glicher Sorgfalt erstellt. Dennoch \u00fcbernehmen wir keine Gew\u00e4hr f\u00fcr die Richtigkeit, Vollst\u00e4ndigkeit und Aktualit\u00e4t der Inhalte und Darstellungen auf dieser Internetseite.<\/p>\n<p>Sollten Sie Fehler entdecken, so kontaktieren Sie uns bitte unter:<\/p>\n<p><a href=\"mailto:kontakt@lebenshilfe-stormarn.de\">kontakt@lebenshilfe-stormarn.de<\/a><\/p>\n<h2 class=\"wp-block-heading fusion-responsive-typography-calculated\" data-fontsize=\"21\" data-lineheight=\"31.5px\">5. Urheberrechte<\/h2>\n<p>Die durch die Seitenbetreiber erstellten Inhalte und Werke auf diesen Seiten unterliegen dem deutschen Urheberrecht. Die Vervielf\u00e4ltigung, Bearbeitung, Verbreitung und jede Art der Verwertung au\u00dferhalb der Grenzen des Urheberrechtes bed\u00fcrfen der schriftlichen Zustimmung des jeweiligen Autors bzw. Erstellers. Downloads und Kopien dieser Seite sind nur f\u00fcr den privaten, nicht kommerziellen Gebrauch gestattet.<br \/>\nSoweit die Inhalte auf dieser Seite nicht vom Betreiber erstellt wurden, werden die Urheberrechte Dritter beachtet. Insbesondere werden Inhalte Dritter als solche gekennzeichnet. Sollten Sie trotzdem auf eine Urheberrechtsverletzung aufmerksam werden, bitten wir um einen entsprechenden Hinweis. Bei Bekanntwerden von Rechtsverletzungen werden wir derartige Inhalte umgehend entfernen.<\/p>\n<h2 class=\"wp-block-heading fusion-responsive-typography-calculated\" data-fontsize=\"21\" data-lineheight=\"31.5px\">6. Streitschlichtung<\/h2>\n<p>Die Europ\u00e4ische Kommission stellt eine Plattform zur Online-Streitbeilegung (OS) bereit: <a href=\"https:\/\/ec.europa.eu\/consumers\/odr\/main\/index.cfm?event=main.home.chooseLanguage\">ec.europa.eu\/consumers\/odr<\/a>.<br \/>\nUnsere E-Mail-Adresse finden Sie oben im Impressum.<br \/>\nWir sind nicht bereit oder verpflichtet, an Streitbeilegungsverfahren vor einer Verbraucher-schlichtungsstelle teilzunehmen.<\/p>\n<h2 class=\"wp-block-heading fusion-responsive-typography-calculated\" data-fontsize=\"21\" data-lineheight=\"31.5px\">7. Verantwortlich f\u00fcr den Inhalt<\/h2>\n<p>Carsten Bruns<br \/>\nLebenshilfe Stormarn<br \/>\nErika-Keck-Stra\u00dfe 4<br \/>\n22926 Ahrensburg<br \/>\nE-Mail: <a href=\"mailto:kontakt@lebenshilfe-stormarn.de\">kontakt@lebenshilfe-stormarn.de<\/a><\/p>\n<h2 class=\"wp-block-heading fusion-responsive-typography-calculated\" data-fontsize=\"21\" data-lineheight=\"31.5px\">Webmaster<\/h2>\n<p><a href=\"mailto:oliver_stapelfeldt@icloud.com\">Oliver Stapelfeldt<\/a><\/p>\n<\/div><\/div><\/div><\/div><\/div>\n","protected":false},"excerpt":{"rendered":"","protected":false},"author":1,"featured_media":0,"parent":0,"menu_order":0,"comment_status":"closed","ping_status":"closed","template":"100-width.php","meta":{"footnotes":""},"class_list":["post-559","page","type-page","status-publish","hentry"],"_links":{"self":[{"href":"https:\/\/lebenshilfe-stormarn.de\/HomepageII\/wp-json\/wp\/v2\/pages\/559","targetHints":{"allow":["GET"]}}],"collection":[{"href":"https:\/\/lebenshilfe-stormarn.de\/HomepageII\/wp-json\/wp\/v2\/pages"}],"about":[{"href":"https:\/\/lebenshilfe-stormarn.de\/HomepageII\/wp-json\/wp\/v2\/types\/page"}],"author":[{"embeddable":true,"href":"https:\/\/lebenshilfe-stormarn.de\/HomepageII\/wp-json\/wp\/v2\/users\/1"}],"replies":[{"embeddable":true,"href":"https:\/\/lebenshilfe-stormarn.de\/HomepageII\/wp-json\/wp\/v2\/comments?post=559"}],"version-history":[{"count":3,"href":"https:\/\/lebenshilfe-stormarn.de\/HomepageII\/wp-json\/wp\/v2\/pages\/559\/revisions"}],"predecessor-version":[{"id":1190,"href":"https:\/\/lebenshilfe-stormarn.de\/HomepageII\/wp-json\/wp\/v2\/pages\/559\/revisions\/1190"}],"wp:attachment":[{"href":"https:\/\/lebenshilfe-stormarn.de\/HomepageII\/wp-json\/wp\/v2\/media?parent=559"}],"curies":[{"name":"wp","href":"https:\/\/api.w.org\/{rel}","templated":true}]}}